ppose -m - 13 = -4*p, -2*p + 2*m + 20 = 3*p. Let j(x) = x**3 + 5*x**2 - 9*x + x - 11*x**p. What is j(7)?
-7
Let r(w) = 4*w + 9. Let u(m) = 4*m + 9. Let a(g) = -3*r(g) + 2*u(g). Let s be (-12)/((-6)/2) - 4. Let x(i) = 5*i - 6. Let j be x(s). Determine a(j).
15
Let b(t) = -1. Let d(a) = 2*a - 2. Let h(s) = -4*b(s) + d(s). Let v(c) = 3*c + 4. Let l(m) = -5*h(m) + 3*v(m). Calculate l(-7).
9
Let w(z) = -11*z**2 - 3*z - 2. Let c(n) = 2*n**2 + n - 22. Let u be c(3). What is w(u)?
-10
Suppose 3*w = 3*k + 18, k = -6 + 5. Let q(i) = w - 2*i - 6 + i. Give q(-1).
0
Let a(p) = -p**2 - 3*p - 25. Let m = -2333 - -2333. Calculate a(m).
-25
Suppose -2*u = -3*b + 8, -2*b = -u - 1 - 4. Let l(i) be the third derivative of 7*i**4/12 - i**3/6 + 261*i**2. Determine l(u).
-15
Let k = 12 - -3. Suppose -7*s - 6 = -3*s + 2*t, k = -5*s - 5*t. Let z(l) = 3*l + s*l - 2 - 4*l. Determine z(-6).
4
Let g = -20 - -14. Let r(x) = 4. Let f(c) = c - 12. Let v(i) = f(i) + 6*r(i). Determine v(g).
6
Let n(j) be the third derivative of j**5/30 - j**4/24 - j**3/2 - 2*j**2 + 191*j. Determine n(-3).
18
Let z(m) = -2*m + 25. Let u(w) = -w + 22. Let n(i) = 5*u(i) - 4*z(i). Give n(-6).
-8
Let z(q) = 3*q**2 - 1. Let l = -25 + -64. Let f = 87 + l. Calculate z(f).
11
Let d(j) = -4*j + 3. Let f = 295 - 297. Give d(f).
11
Let l(z) = -7*z - 20 - z**2 - 5 + 26. Suppose -g - g + 22 = -2*a, -24 = 4*a + g. Give l(a).
1
Let r(v) = 4*v - 2. Let m(b) = -5*b + 4. Let s(u) = 2*m(u) + 3*r(u). Determine s(7).
16
Let u(p) = 11*p + 3*p**3 + 6*p**2 - 5*p - 2*p - 2*p**3 - 1. Let a be u(-5). Let k(l) = l**3 - 3*l**2 - 3*l + 3. Calculate k(a).
7
Let j = -97 + 97. Let r(x) = x + 14. Calculate r(j).
14
Let l be 4/6*-10*9/(-6). Let z(h) = 4*h + h**3 - l*h + 4*h - 1 - 2*h**2. Determine z(-1).
-2
Let g be (-12 + -3 - -2)*-1. Suppose -g*i = -16*i + 24. Let r(d) = d**2 + 6*d - i*d - 2*d + 1. Determine r(4).
1
Let s(j) = -2*j. Suppose 2*o = -4*x + 12, 5*x - 6 - 2 = o. Suppose 2*q + o*q + 6 = 5*a, q = -2*a + 5. Determine s(q).
-2
Let q(h) = h**3 + 8*h**2 + 8*h + 9. Let u be q(-7). Let o(a) = -a**3 + a - 2*a + 5*a**u - 9 + 8*a. Let v be 8/3*(-144)/(-64). Give o(v).
-3
Let p(f) be the third derivative of -f**4/8 + 25*f**3/6 + 2*f**2 + 48. Calculate p(10).
-5
Let b(v) = -v**2 + 3*v - 2. Suppose 4*x + 3*f + 41 = 166, -110 = -3*x + f. Suppose 5*u = 12*u - x. What is b(u)?
-12
Let s(a) be the third derivative of -a**7/840 + a**6/60 - a**5/15 + a**4/8 - 13*a**3/3 + 4*a**2 - a. Let v(b) be the first derivative of s(b). Determine v(5).
-12
Let l(t) = 8*t**2 + 2*t**3 - 36 - 24*t + 15*t**2 + 8 + 9*t. Calculate l(-12).
8
Let b be (1/(-2))/(29/14 + -2). Let t(v) be the first derivative of v**3/3 + 4*v**2 + 5*v - 12. Calculate t(b).
-2
Let i(p) = -3*p**2 - 7*p + 3. Let d be i(-3). Let f be (2/3)/((-2)/(-9)). Let j(s) = s - 3 - f*s**2 - s**3 + 4*s**3 - 4*s**3. Give j(d).
-6
Let j(p) = -8*p**3 + 3*p**2 + 6*p - 1. Let l(g) = -5*g**3 + 4*g**2 + 6*g + 1. Let b(f) = 2*j(f) - 3*l(f). Calculate b(-5).
0
Let x(j) = -j**3 - 6*j**2 - 21*j - 124. Let u be x(-6). Let f(m) = -m**3 + m**2 + 2*m - 1. Determine f(u).
-1
Let q(v) be the third derivative of 0 + 3*v**2 - v**3 + 0*v - 1/60*v**5 + 0*v**4. Suppose 5*w - 2*c = 4, -w - 3*c + 2 = -4*c. Give q(w).
-6
Let v(j) = -j**2 + 4*j + 1. Let h(g) = -7*g - 6. Let o be h(-4). Suppose 0*i + o = 4*i + 2*b, -b = 3*i - 14. Let x be ((-8)/12)/((-1)/i). Calculate v(x).
5
Let y(z) = z**3 + 1. Let g be y(1). Let l(h) = g*h - 3*h**2 - 193 + 2*h**2 + 193. Give l(4).
-8
Suppose 0 = 18*p - 12 + 120. Let x(d) = d**2 + 4*d - 14. What is x(p)?
-2
Let z(m) be the third derivative of 5*m**4/24 + 3*m**3/2 - 26*m**2 - 3. Give z(-3).
-6
Let i(r) be the third derivative of 7*r**4/24 + 86*r**2 - 2*r + 10. Let w be (-1)/(-1)*(-1 - -2). Calculate i(w).
7
Suppose b + 12 = -3*b. Let y(i) = -9*i**2 - 8*i - 5. Let m(n) = -4*n**2 - 4*n - 2. Let p(g) = -7*m(g) + 3*y(g). Determine p(b).
-4
Let y(x) = x + 1. Let a be (-5)/((-10)/4) + -8. Let g(v) = -v**2 + v + 1. Let k(i) = a*y(i) + g(i). Calculate k(-4).
-1
Let f(q) be the first derivative of -q**2/2 + 5*q - 66. Determine f(-8).
13
Let a(k) = -8*k + 30. Let o be 4*8/(-16) - 12/(-2). Determine a(o).
-2
Let c be ((-2)/(-1) - -2) + -26. Let l = -13 - c. Let y(d) = -d + 11. What is y(l)?
2
Suppose -6*v - 24*v = -60. Let k(j) = -j**3 + 3*j**2 - 2*j + 2. Give k(v).
2
Let g be ((-8)/12)/(5/15). Let l be 3/(4 + -3 + 0). Let d(r) = 0*r**2 - 4*r**2 + 2 + 2*r**2 - 2*r**l + 3*r. Determine d(g).
4
Let f be (-22)/99 + (-22)/(-18). Let d(o) = -5*o**2 + 2*o - 1. Give d(f).
-4
Let m(y) = y**2 - 6*y + 5. Suppose 5*v - 17 = -7. Let q be (v/6)/((-7)/(-105)). Give m(q).
0
Let f(r) be the third derivative of r**4/6 + 5*r**3/6 + 2*r**2 + 44*r. Give f(-3).
-7
Let b(p) = 8*p**2. Let r be 8/12 - 82/6. Let i(s) = -s**3 - 11*s**2 + 25*s - 14. Let z be i(r). What is b(z)?
8
Let s be (-2)/4 - 24/(-16). Let z(h) = 2*h - 1 + 34*h**3 - 4*h**3 - 15*h**3. Determine z(s).
16
Let v(d) = d**3 + 2 - d + 2*d**2 - 2*d**3 + 0*d**3. Suppose -2*x = 3*x + 45. Let h = 11 + x. Give v(h).
0
Let d(n) = -17*n**2 - 3*n + 7. Let z(y) = 45*y**2 + 10*y - 20. Let v(m) = -8*d(m) - 3*z(m). Determine v(3).
-5
Let p(m) = -m - 5. Let g = -490 + 488. Determine p(g).
-3
Let f(b) = 2*b - 3. Let z be f(16). Let o = z - 24. Let a(h) = -12 + o - h**2 + 6. Give a(0).
-1
Let b(a) = -4*a - 8. Let z be b(3). Let w be (-4 + -16)*(-8)/z. Let i(m) = -m**3 - 9*m**2 - 8*m - 5. Give i(w).
-5
Let y = -477 - -479. Let f(g) = -6*g + 7. Calculate f(y).
-5
Suppose 5 = -5*k - 2*a, 0 = -2*k + 3*a + 16 + 1. Let g(x) be the second derivative of 2*x**3/3 - x**2/2 + 10*x. Give g(k).
3
Let h(d) = 5*d - 29. Let v(o) = -5*o + 23. Let l(q) = 5*h(q) + 6*v(q). Determine l(-2).
3
Let m(l) = l**2 + 8*l + 6. Let w(r) = -r**2 + 4*r + 9. Let b be w(-5). Let o be (b/(-8))/3*10/(-3). Give m(o).
-9
Let h(n) = -n**2 + 9*n + 10. Let z be (-3)/(-42) + 1251/126. Determine h(z).
0
Let d(r) = -r**3 + 10*r**2 - 9. Let i be (10 + 400/(-35))*(-7 + 0). What is d(i)?
-9
Let s(u) be the first derivative of 4*u**3/3 + u**2/2 - u + 1. Let o(q) = 14*q + 29. Let m be o(-2). Give s(m).
4
Let q(z) be the first derivative of -z**3/3 + z**2/2 + 4*z + 4. Let t = 3 + 0. Suppose 4*v = -4, p = -t*v - v. Calculate q(p).
-8
Let p(r) = 3*r**2 + 19*r + 16. Let t(h) be the third derivative of -h**5/12 - 29*h**4/24 - 4*h**3 + 18*h**2. Let u(c) = -8*p(c) - 5*t(c). What is u(6)?
-14
Let k = -1138 + 1130. Let p(d) = -d**3 - 8*d**2 - 6. Give p(k).
-6
Let q(l) = 77 + l**3 - l - 4*l**2 - l**2 - 80 - l. Calculate q(6).
21
Let v(b) be the first derivative of 20/3*b**3 + 1/2*b**2 + 0*b + 21. Calculate v(-1).
19
Suppose 2*o + 20 = 3*c, -c + 4*o = 3*c - 28. Let y(h) = -h**2 + 3*h - 5. What is y(c)?
-23
Let v(t) = 212*t**2 - 2*t + 4*t - 5 - 211*t**2 + 3*t + 7. Suppose 20 = -4*r - 0*r. Calculate v(r).
2
Let o(q) be the first derivative of -3/2*q**2 + 1/12*q**4 + 1 + 1/6*q**3 + 8*q. Let p(c) be the first derivative of o(c). Give p(3).
9
Suppose 11*y - 495 = -517. Let m(j) = -j**3 - 7*j**2 - 6. Let d(r) = -2*r**3 - 15*r**2 - 13. Let l(t) = -4*d(t) + 9*m(t). Give l(y).
-6
Suppose -4*s - 3*l = -20 - 54, 102 = 5*s - l. Let j = s - 20. Let g(y) be the first derivative of y**3/3 + y**2/2 + 6*y + 2. Determine g(j).
6
Let w(s) be the first derivative of s**2/2 - 7*s - 7. Let r(l) = -43*l**2 - l + 2. Let g be r(1). Let c be g/(-70) - (-64)/10. What is w(c)?
0
Let j(b) = -b**2 - 3*b + 1. Let c be j(-2). Suppose 2*p = -2*p + 8. Let a(o) = o - o**2 - p + 3*o - o. Determine a(c).
-2
Let t(u) = -u**3 + u + 8. Let f be (8*(-12)/8)/(-2). Let a(q) = -q**3 + 7*q**2 - 5*q - 6. Let y be a(f). What is t(y)?
8
Let y(u) be the first derivative of u**4/4 + 7*u**3/3 - 9*u - 1. Suppose 112 = -r + 105. Give y(r).
-9
Let u(f) be the first derivative of -f**3/3 - 3*f**2 + 4*f + 28. Suppose 28 = -5*g + g. What is u(g)?
-3
Let l(p) be the first derivative of 3*p**2/2 - 16*p + 146. Give l(12).
20
Let b(o) = -14*o**3 - 39*o**2 + 90*o + 1. Let q(c) = -5*c**3 - 13*c**2 + 30*c + 1. Let v(f) = 4*b(f) - 11*q(f). Calculate v(-15).
-7
Let g(x) = x**2 + x + 3. Let r(d) = d. Let p(m) = -m**2 - 8*m - 4. Let a(l) = p(l) + 6*r(l). Let i(n) = -6*a(n) - 5*g(n). Calculate i(-6).
3
Let w(x) = 3*x**2 + 9*x + 2. Suppose 0 = 3*b - 29 + 26. Let n(z) = z**2 + z. Let f(l) = b*w(